s**2 + 52*s + 12. Let l be d(-13). What is m(l)?
-9
Let i(f) = -f**2 + 7*f + 2. Suppose -3*q + 0*q + 15 = 0. Let a be i(q). Suppose -4 = 4*l + a. Let m(n) = -n**3 - 4*n**2 + n - 3. Calculate m(l).
-7
Let o(j) be the third derivative of j**4/8 - 11*j**3/2 - j**2. Let r(x) = -x + 11. Let n(g) = -3*o(g) - 8*r(g). What is n(0)?
11
Suppose 0*h + 5*z + 28 = 2*h, 5*h = -4*z + 4. Let i(b) = -3*b**2 - 15*b + 6. Let d(y) = 4*y**2 + 22*y - 9. Let f(n) = 5*d(n) + 7*i(n). Give f(h).
1
Let o(a) = a**2 + 20*a + 27. Let m = 519 - 537. What is o(m)?
-9
Let u(n) be the first derivative of -5*n**3/3 - 3*n**2/2 - 2*n - 389. Determine u(-2).
-16
Suppose 67 + 5 = 8*o. Let v(z) = 5*z - 44. Determine v(o).
1
Let v(p) = p**2 - 3. Let x be (4/3)/(-1)*(31 + -28). What is v(x)?
13
Let f(a) = 2*a + 9. Let z be f(-2). Let k(n) = n**2 - 6*n - 1. What is k(z)?
-6
Let g(n) be the second derivative of -n**5/20 + 5*n**4/12 - n**3/2 + 3*n**2/2 + 28*n. Determine g(2).
9
Let x(u) = -8*u**2 - 6*u + 4. Let a(y) = 10*y**2 + 7*y - 5. Let l(w) = 3*a(w) + 4*x(w). Suppose k = 4*g - 2, 4*g - 4 = -k + 2*g. Calculate l(k).
-13
Let h = 557/1635 - 4/545. Let u(n) be the first derivative of -3/2*n**4 - 1/2*n**2 + h*n**3 - n - 6. What is u(-1)?
7
Let n(a) = 3*a - 4 + 2 + 2*a. Suppose 22*q = 20*q + 4. Give n(q).
8
Let b(r) = -r**3 - 6*r**2 + 6*r - 3. Let p = -1403 - -1396. Give b(p).
4
Let g be 2/(-9) + 20/90. Let t(x) = -1 - 106*x**2 + g - x - 2*x + 105*x**2. Let i be (-1)/(2 + -2 + 1). Give t(i).
1
Let y(p) = -p**3 - 16*p**2 - 16*p - 19. Let d be y(-15). Let a(j) = -j**3 - 4*j**2 + 4*j + 5. Calculate a(d).
-11
Let u(d) = 20*d + 1. Let p(x) = -37*x - 1. Let t(m) = -6*p(m) - 11*u(m). Give t(5).
5
Let s(p) = -p + 4. Let h(q) = -q**2 - 4*q - 2. Let y be h(-2). Let a(b) = -b + 3. Let i(v) = y*a(v) - 3*s(v). Calculate i(0).
-6
Let h(f) = f**3 - 12*f**2 - 15*f + 16. Let q be h(13). Let u = 12 + q. Let o(t) = -4*t**u - t**2 - 7*t**3 + 2*t**2 + 2*t**2. What is o(1)?
-8
Let k(w) be the third derivative of -w**4/24 - 2*w**3/3 + 5*w**2 + 1. Let m(i) = i**2 - 6*i - 3. Let v be m(7). Give k(v).
-8
Let o(y) = 3*y**2 - 17*y**2 - 9*y - 17*y - 12. Let n(z) = -5*z**2 - 9*z - 4. Let q(a) = -11*n(a) + 4*o(a). Give q(-4).
0
Let l(t) = -4*t**3 - 6*t - 5. Let h(b) = -b**3 - b**2 - b - 1. Let z(i) = 5*h(i) - l(i). Let u = -16 + 11. Calculate z(u).
-5
Let v(p) be the first derivative of -p**4/4 - 10*p**3/3 - 13*p**2/2 - 33*p + 496. Give v(-9).
3
Let z(j) = 2*j + 38. Let i be z(-18). Let x(h) = 1 + 13*h**2 - 10*h**i - 8*h**3 + 9*h**3. What is x(-3)?
1
Let p(d) = -d**2 - 6*d + 3. Let q = 172 + -178. Give p(q).
3
Let c = 54 + -48. Let n(v) = -2*v + 2*v - 2*v + c*v. Suppose 0 = -3*q + 2*s, 2*q - 8 = 2*s + 2*s. Calculate n(q).
-8
Suppose -18*n + 20*n = 102. Let w = 55 - n. Let m(i) = -i**3 + 4*i**2 + 2*i + 2. Give m(w).
10
Let k(o) = o**2 + 5*o + 5. Suppose 2*l - 13 + 3 = 0. Suppose l*m - 6*m = 11. Let g = m + 6. Give k(g).
5
Let j(x) be the first derivative of x**4/4 + x**3 - 2*x**2 - 5*x + 205. Let y = -4 + 0. Calculate j(y).
-5
Let q be 168/(-91)*(-52)/8. Let z(k) = 2*k - 32. Determine z(q).
-8
Let v = 17 + -7. Suppose -3*n + 4*x + 0*x + v = 0, -5*n + 2*x - 2 = 0. Let c = -1 + n. Let o(i) = 4*i. Give o(c).
-12
Let r(l) = 30*l**2 - 31 - 14*l**3 - 8*l**3 - 16*l**3 - 18*l - 37*l + 37*l**3. Calculate r(28).
-3
Let p(a) = -20*a**2 + 20*a - 14. Let i(j) = -7*j**2 + 7*j - 5. Let q(m) = -17*i(m) + 6*p(m). Let n(v) = 7*v + 26. Let z be n(-4). Calculate q(z).
-5
Let i = -2 - 2. Suppose -j = -3*j + 4. Let q(r) = -j + 2 - 3 - r - 2. Give q(i).
-1
Suppose 1 - 13 = 3*v. Let d(q) = -177*q - 18. Let t(r) = -487*r - 50. Let m(k) = -11*d(k) + 4*t(k). What is m(v)?
2
Let f(m) = m**2 - 7*m + 4. Suppose -5*i + 25 = -10. Suppose 0*g - 3*g + 36 = 0. Let v = g - i. Calculate f(v).
-6
Let m(r) be the second derivative of r**5/20 - 5*r**4/12 - r**3/3 + 3*r**2/2 + r + 167. Determine m(5).
-7
Let z = -195 + 202. Let h(a) = a**3 - 7*a**2 + 3*a - 5. Determine h(z).
16
Let z(d) = -11*d**2 - 3 - 4 - 3 + 5*d**2 + 13. What is z(-3)?
-51
Let s(v) = -v**3 + v**2 - 3*v - 1. Let r(k) = -2*k**3 + k**2 - 4*k. Let i(h) = 2*r(h) - 3*s(h). What is i(0)?
3
Let v(w) = w + 5. Let u be v(-11). Let b be (-9)/u + 105/2. Let a(o) = o**2 - 4 - b*o - 4 + 60*o. Determine a(-6).
-8
Let b(v) = -2*v + 4*v**2 - 8 + 4*v + 6. Suppose -3*f + 6*f = 3. Suppose q + 1 + f = 0. Calculate b(q).
10
Let r(c) = 16*c. Let z(s) = -1. Let n(u) = -r(u) - 4*z(u). Let i(m) = -16*m + 5. Let d(w) = 4*i(w) - 5*n(w). Give d(1).
16
Let z(t) = -6*t + 2. Let q(n) = -2 - 4*n + 3 + 3 - 3. Let k(r) = 7*q(r) - 5*z(r). Give k(-5).
-13
Let j(b) = 11*b - 17. Let l(a) = -4*a + 6. Let f(y) = 3*j(y) + 8*l(y). Let c be ((-70)/(-21))/(2/12). Suppose 0*q + 4*q + c = 0. Calculate f(q).
-8
Let x(g) = g**2 - 3*g + 1. Let f be (-115)/(-25) + (3 - 39/15). Let b be 8/28 - f/((-35)/26). Give x(b).
5
Suppose 0*k - k = -10. Suppose y = -w - k, w = 5*y - y + 10. Let f(p) be the third derivative of -p**5/60 - 7*p**4/24 - 20*p**2 + 3*p. Determine f(w).
6
Suppose -119 = -38*c + 185. Let n(s) = -s**2 + 5*s + 3. Give n(c).
-21
Let f(g) = -g**3 + 25*g**2 - 22*g - 52. Let r be f(24). Let m(d) = d**2 + 7*d + 8. Give m(r).
-4
Let i(m) = 2*m**3 - 5*m**2 - 9*m - 12. Let s(h) = h**3 - 3*h - 2. Let a(l) = -i(l) + 3*s(l). Determine a(-5).
6
Suppose 72 = -7*w + 16*w. Let s(h) be the third derivative of w*h**2 + 0 + 0*h + 1/12*h**4 - 1/6*h**3 + 1/20*h**5. What is s(-2)?
7
Suppose -30 = -6*i + 4*i. Suppose 0 = -b + 4*b + i. Let t(q) = q**3 + 5*q**2 + 2*q + 5. Determine t(b).
-5
Let n = 10 + -5. Let l(h) = -h + 18. Let v(k) = -2*k + 34. Let t(c) = -11*l(c) + 6*v(c). What is t(n)?
1
Suppose 15*p + 154 = 544. Let b(t) = -2*t + 45. What is b(p)?
-7
Let l = 2375 + -2378. Let p(c) = 0*c**2 + c + c - 4 + c**2. Determine p(l).
-1
Let x = -1440 + 1429. Let u(l) = 4*l + 51. Determine u(x).
7
Suppose -b = -4*c + 2*b, -3*c = -b. Suppose 9*j = 4*j. Let r(q) = j + 2*q**2 - q**2 - 9. Calculate r(c).
-9
Let w(o) = -9*o**3 - 13*o**2 + 9*o + 5. Let t(q) = -5*q**3 - 6*q**2 + 5*q + 3. Let h(a) = -11*t(a) + 6*w(a). Calculate h(12).
-15
Let o(h) = -13*h - 115. Let u be o(-9). Let v(j) = 10*j**2 - 2*j - 2. What is v(u)?
34
Let t(f) = 2*f + 8. Let s be t(-5). Let n(h) = 1. Suppose 15 = -q - 3*j, 5*j - 2 = -2*q - 35. Let p(k) = -k + 7. Let r(u) = q*n(u) + 3*p(u). Give r(s).
3
Let u(c) = -c**3 + 9*c**2 + 2*c + 4. Let v = -103 - -112. Give u(v).
22
Let h = 250 + -251. Let i(f) = -10*f**3 - 2*f**2 + 1. Give i(h).
9
Suppose -9*f - 23 = 22. Let x(j) be the third derivative of -j**6/120 - j**5/12 + j**4/6 + 7*j**3/6 + 4*j**2. Determine x(f).
-13
Let y(m) = -m**3 - m**2 + 4*m - 1. Let s be (-2)/(-2*2/8). Suppose -3*w = -0*n + 4*n - 3, -s*w + 3*n = 21. Determine y(w).
5
Let f be ((-63)/28)/((-9)/24). Let s(k) = -7*k**2 - 21 + 13*k**2 + 18 - k**3. What is s(f)?
-3
Let f(x) = -16*x**2 + 36*x + 36. Let k(o) = -3*o**2 + 7*o + 7. Let c(s) = 2*f(s) - 11*k(s). Determine c(6).
1
Let w(s) be the first derivative of -s**2 + 4*s + 4. Suppose -a + 5*m + 40 = -5*a, -4*m - 1 = -3*a. Give w(a).
14
Let u(t) be the third derivative of -t**5/30 + t**4/3 - 5*t**3/6 + t**2. Let v be 1359/(-90) + 15 + 102/20. Determine u(v).
-15
Let a(y) = -y**2 - y + 4. Let g(k) = k - 1. Let l be g(4). Suppose 0 = -2*x - l + 13. Suppose v + 5 = -4*v, x*v + 5 = -i. Determine a(i).
4
Let u(l) = -l**3 - 9*l**2 - 7*l + 3. Let d be u(-1). Let s(j) = 5*j + 4. Calculate s(d).
14
Let b be (6 + -5 + -1)/(-2). Let q(s) = s + 17. Calculate q(b).
17
Let o be ((-45)/108*-8)/((-4)/(-6)). Let f(b) = b**2 - 5*b - 2. Calculate f(o).
-2
Let k(f) be the second derivative of -f**6/720 - f**4/2 - 16*f. Let w(x) be the third derivative of k(x). Give w(0).
0
Let u(s) = -s - 1. Let i be u(9). Let t be 204/i - (-12)/30. Let b be (6/15)/(2/t). Let g(p) = -p**3 - 3*p**2 + 3*p + 4. Calculate g(b).
8
Let f(j) = -4*j**3 + 25*j**2 + 10*j - 31. Let i(o) = 3*o**3 - 17*o**2 - 7*o + 21. Let v(d) = 5*f(d) + 7*i(d). Give v(-6).
-14
Suppose 16 = 3*d - 2*m + m, 5*d + 2*m = 34. Let l = -17 + 21. Let b(s) = -4 + 4*s**2 - l*s**2 + s**3 - 7*s**2 + s**2 + s. What is b(d)?
2
Let l = 15 - 4. Suppose l = 3*z + z + 3*k, -2*z + 19 = -3*k. Suppose 0 = -0*f + 5*f + z. Let y(o) = -2*o - 1. Determine y(f).
1
Let y be (-5)/(-15)*(-12)/(-2). Suppose -25 = -3